hat is the highest common factor of 713160 and 69618?
1698
What is the greatest common factor of 9502 and 132633667?
4751
Calculate the greatest common factor of 30701380 and 160.
20
Calculate the highest common factor of 1719 and 469809.
9
What is the highest common factor of 44611 and 152523?
7
What is the highest common divisor of 2224 and 33734744?
1112
Calculate the highest common factor of 9671852 and 604.
604
Calculate the greatest common divisor of 3080052 and 3572.
76
What is the highest common divisor of 8033967 and 117?
9
What is the highest common divisor of 37743 and 9?
3
Calculate the greatest common divisor of 3 and 111506907.
3
Calculate the greatest common divisor of 31952423 and 5296.
331
Calculate the greatest common factor of 26810435 and 40.
5
Calculate the highest common divisor of 11781 and 698411.
119
What is the highest common factor of 155050 and 11235?
35
What is the highest common divisor of 66635390 and 80?
10
What is the greatest common divisor of 12260 and 53989975?
3065
What is the greatest common factor of 24 and 3023772?
12
What is the highest common factor of 13574 and 929202?
1234
Calculate the greatest common divisor of 432292 and 43820.
28
What is the highest common divisor of 1204521165 and 205?
205
Calculate the highest common factor of 2022696 and 1287.
117
Calculate the greatest common divisor of 2567659 and 2954.
211
Calculate the greatest common factor of 16 and 186721228.
4
Calculate the highest common factor of 343757720 and 120.
40
Calculate the highest common divisor of 110 and 17873746.
22
Calculate the greatest common divisor of 136 and 343074.
2
What is the highest common divisor of 784 and 419692?
28
Calculate the greatest common factor of 1430625 and 11875.
625
Calculate the greatest common divisor of 987530 and 74222.
1258
What is the greatest common divisor of 497 and 83301247?
71
What is the highest common factor of 56 and 12424342?
14
Calculate the greatest common factor of 240726 and 32224.
106
What is the greatest common divisor of 39555 and 4315545?
135
Calculate the greatest common divisor of 731082 and 25080.
1254
Calculate the highest common divisor of 608 and 1000996.
76
Calculate the greatest common divisor of 2302794 and 287660.
1514
Calculate the highest common factor of 854 and 4037642.
14
What is the greatest common factor of 10252744 and 24592?
424
Calculate the highest common factor of 1021545546 and 2674.
2674
Calculate the greatest common factor of 10508119 and 47.
47
What is the greatest common divisor of 652625002 and 578?
578
What is the greatest common factor of 107169 and 208427?
257
Calculate the greatest common factor of 20262 and 23890740.
1842
What is the greatest common factor of 368000 and 550850?
1150
What is the greatest common factor of 9010 and 6268840?
530
Calculate the greatest common divisor of 68315 and 17030.
65
Calculate the highest common divisor of 73365 and 398985.
1005
What is the greatest common divisor of 17793 and 466811217?
5931
What is the greatest common divisor of 15374 and 228772807?
7687
Calculate the highest common factor of 266033570 and 18282.
6094
Calculate the greatest common divisor of 31034388 and 6083.
77
What is the greatest common divisor of 18145 and 60?
5
Calculate the highest common divisor of 1203 and 51959575.
401
Calculate the greatest common factor of 137556425 and 725.
725
What is the highest common divisor of 11683063 and 745178?
3689
What is the highest common divisor of 842 and 26094843?
421
Calculate the greatest common divisor of 31365 and 1145868.
2091
What is the highest common factor of 168 and 5342148?
84
What is the highest common factor of 99 and 88200?
9
Calculate the greatest common factor of 541093 and 9698751.
4547
What is the greatest common factor of 67150 and 107151650?
3950
Calculate the highest common divisor of 3342490 and 110.
10
Calculate the highest common divisor of 591313 and 12023.
1093
Calculate the highest common factor of 7 and 26699684.
1
What is the highest common divisor of 1760 and 1992560?
80
What is the highest common factor of 64712910 and 15?
15
Calculate the greatest common divisor of 182458 and 26.
2
What is the highest common divisor of 1319537 and 79?
79
What is the highest common divisor of 39942 and 248346?
126
What is the greatest common factor of 13910652 and 189?
63
Calculate the highest common factor of 20172 and 4244.
4
What is the highest common factor of 32260719 and 28605?
5721
Calculate the greatest common divisor of 215 and 6213973.
43
Calculate the highest common divisor of 1782 and 8151759.
891
What is the greatest common factor of 6452314 and 428?
214
Calculate the greatest common divisor of 1313 and 10330886.
101
Calculate the highest common factor of 188 and 130212748.
188
Calculate the highest common factor of 4 and 907790.
2
Calculate the greatest common factor of 33332789 and 3675.
49
Calculate the greatest common divisor of 195052 and 7332.
52
What is the highest common factor of 2200 and 57452230?
110
What is the greatest common divisor of 7 and 29641?
1
Calculate the highest common divisor of 124551 and 2494974.
1977
What is the highest common factor of 371 and 1311178183?
371
Calculate the greatest common divisor of 9176188 and 28.
28
Calculate the greatest common factor of 2128348 and 3196.
188
What is the highest common divisor of 2326236 and 2948?
44
What is the highest common factor of 9 and 10861119?
9
Calculate the greatest common divisor of 4438784 and 2560.
256
Calculate the highest common divisor of 555891 and 18419961.
5397
What is the highest common factor of 341 and 1213079538?
341
Calculate the greatest common divisor of 735 and 104713.
49
What is the highest common divisor of 310 and 1761792?
62
Calculate the greatest common divisor of 557225 and 3100.
775
What is the greatest common divisor of 28359411 and 1233?
411
Calculate the greatest common factor of 5409061 and 166519.
1871
What is the highest common divisor of 14508 and 414341226?
7254
Calculate the highest common factor of 22269 and 917358.
39
Calculate the greatest common factor of 26716613 and 2044.
511
Calculate the greatest common factor of 147 and 395806467.
147
What is the greatest common divisor of 9100 and 609175?
175
Calculate the highest common divisor of 5580 and 82915824.
372
Calculate the greatest common factor of 11300310 and 7945.
35
What is the greatest common divisor of 3988930 and 1760?
110
What is the highest common divisor of 1940742 and 1096?
274
Calculate the greatest common factor of 148412 and 468847.
3373
What is the highest common factor of 90820 and 154155?
1195
Calculate the highest common factor of 498607 and 78461.
2531
Calculate the highest common factor of 28384062 and 1596.
798
What is the greatest common factor of 119496 and 442861368?
9192
Calculate the greatest common factor of 1376482 and 13025.
521
Calculate the greatest common divisor of 9131166 and 63.
9
What is the greatest common factor of 3015286 and 2742?
914
What is the highest common factor of 19936794 and 2505?
501
What is the highest common divisor of 217245885 and 30?
15
Calculate the greatest common divisor of 2315422216 and 9616.
4808
What is the highest common factor of 1854068300 and 700?
700
Calculate the highest common factor of 1894819 and 389.
389
Calculate the highest common divisor of 1983995 and 147940.
65
Calculate the greatest common divisor of 6204767383 and 1321.
1321
Calculate the highest common factor of 72 and 29166786.
18
Calculate the highest common factor of 800 and 30451040.
160
What is the highest common factor of 212 and 134380?
4
What is the greatest common divisor of 9950571 and 27?
9
What is the highest common divisor of 3899808 and 26400?
1056
What is the highest common divisor of 414831019 and 172?
43
Calculate the greatest common divisor of 86338 and 74676.
98
Calculate the highest common factor of 328344 and 89784.
24
What is the greatest common divisor of 18 and 1014248?
2
What is the greatest common factor of 8 and 26256596?
4
Calculate the greatest common divisor of 2749190 and 70.
10
Calculate the greatest common divisor of 18445602 and 4516.
2258
What is the greatest common factor of 36216 and 33192?
72
Calculate the greatest common divisor of 4